{"id":135,"date":"2024-06-08T21:39:43","date_gmt":"2024-06-08T20:39:43","guid":{"rendered":"https:\/\/stillessprechen.ch\/?page_id=135"},"modified":"2025-01-03T22:02:49","modified_gmt":"2025-01-03T21:02:49","slug":"home","status":"publish","type":"page","link":"https:\/\/stillessprechen.ch\/","title":{"rendered":"stillessprechen"},"content":{"rendered":"\n<h2 class=\"wp-block-heading\">Ein Bild \u2013 ein Gedanke \u2013 eine Geschichte<\/h2>\n\n\n\n<figure class=\"wp-block-image size-large\"><img loading=\"lazy\" decoding=\"async\" width=\"1024\" height=\"405\" src=\"https:\/\/stillessprechen.ch\/wp\/wp-content\/uploads\/2024\/06\/DSC00203_ap9-1024x405.png\" alt=\"\" class=\"wp-image-162\" srcset=\"https:\/\/stillessprechen.ch\/wp\/wp-content\/uploads\/2024\/06\/DSC00203_ap9-1024x405.png 1024w, https:\/\/stillessprechen.ch\/wp\/wp-content\/uploads\/2024\/06\/DSC00203_ap9-300x119.png 300w, https:\/\/stillessprechen.ch\/wp\/wp-content\/uploads\/2024\/06\/DSC00203_ap9-768x304.png 768w, https:\/\/stillessprechen.ch\/wp\/wp-content\/uploads\/2024\/06\/DSC00203_ap9-1536x607.png 1536w, https:\/\/stillessprechen.ch\/wp\/wp-content\/uploads\/2024\/06\/DSC00203_ap9-650x257.png 650w, https:\/\/stillessprechen.ch\/wp\/wp-content\/uploads\/2024\/06\/DSC00203_ap9.png 2000w\" sizes=\"auto, (max-width: 1024px) 100vw, 1024px\" \/><\/figure>\n\n\n\n<p>Wenn das Gehirn etwas \u00absieht\u00bb, entwickeln sich ein oder viele Gedanken, Interpretationen, Spekulationen oder Geschichten. Die Seh-Daten werden vom Gehirn erfasst, verkn\u00fcpft mit Erfahrungen und Gef\u00fchlen, bewertet nach Situationen, sowie Worte formuliert, um dar\u00fcber nachzudenken oder zu sprechen.<\/p>\n\n\n\n<p>Diesen faszinierenden kreativen Vorgang, m\u00f6chte ich mit andern teilen, in diesem digitalen Fotoalbum. Die Idee dazu enstand aus einer Diskussion und ich fand es einen interessanten Ansatz ein Online-Album zu erstellen.<\/p>\n\n\n\n<p>Die Bilder die ich hier zeige, erheben keinen professionellen Anspruch. Fotografieren ist f\u00fcr mich malen und gestalten mit Licht und Elementen. Das Einfangen eines Augenblicks der seine eigene Geschichte hat. Hier hat das Bild Priorit\u00e4t und nicht die Technik. Ob ein Objektiv neuer oder besser ist, oder eine Kamera dem neusten Trend entspricht, ist f\u00fcr mich unwesentlich. Mir geht es darum, die Welt um mich herum einzufangen.<\/p>\n\n\n\n<div class=\"wp-block-group\"><div class=\"wp-block-group__inner-container is-layout-constrained wp-block-group-is-layout-constrained\">\n<div class=\"wp-block-columns is-layout-flex wp-container-core-columns-is-layout-9d6595d7 wp-block-columns-is-layout-flex\">\n<div class=\"wp-block-column is-layout-flow wp-block-column-is-layout-flow\">\n<p><strong><a href=\"https:\/\/stillessprechen.ch\/?page_id=58\" data-type=\"page\" data-id=\"58\">Digital Normal<\/a><\/strong><\/p>\n\n\n\n<div class=\"wp-block-columns is-layout-flex wp-container-core-columns-is-layout-9d6595d7 wp-block-columns-is-layout-flex\">\n<div class=\"wp-block-column is-layout-flow wp-block-column-is-layout-flow\">\n<figure class=\"wp-block-image size-full\"><img loading=\"lazy\" decoding=\"async\" width=\"700\" height=\"595\" src=\"https:\/\/stillessprechen.ch\/wp\/wp-content\/uploads\/2024\/02\/digital-1.png\" alt=\"\" class=\"wp-image-25\" srcset=\"https:\/\/stillessprechen.ch\/wp\/wp-content\/uploads\/2024\/02\/digital-1.png 700w, https:\/\/stillessprechen.ch\/wp\/wp-content\/uploads\/2024\/02\/digital-1-300x255.png 300w\" sizes=\"auto, (max-width: 700px) 100vw, 700px\" \/><\/figure>\n<\/div>\n\n\n\n<div class=\"wp-block-column is-layout-flow wp-block-column-is-layout-flow\">\n<p>Nicht viel anders als analog, nur schneller, spontaner und sch\u00e4rfer<\/p>\n<\/div>\n<\/div>\n<\/div>\n\n\n\n<div class=\"wp-block-column is-layout-flow wp-block-column-is-layout-flow\">\n<p><strong><a href=\"https:\/\/stillessprechen.ch\/?page_id=116\" data-type=\"page\" data-id=\"116\">Vintage und Retro<\/a><\/strong><\/p>\n\n\n\n<div class=\"wp-block-columns is-layout-flex wp-container-core-columns-is-layout-9d6595d7 wp-block-columns-is-layout-flex\">\n<div class=\"wp-block-column is-layout-flow wp-block-column-is-layout-flow\">\n<figure class=\"wp-block-image size-full\"><img loading=\"lazy\" decoding=\"async\" width=\"734\" height=\"902\" src=\"https:\/\/stillessprechen.ch\/wp\/wp-content\/uploads\/2024\/02\/analog-1.png\" alt=\"\" class=\"wp-image-27\" srcset=\"https:\/\/stillessprechen.ch\/wp\/wp-content\/uploads\/2024\/02\/analog-1.png 734w, https:\/\/stillessprechen.ch\/wp\/wp-content\/uploads\/2024\/02\/analog-1-244x300.png 244w\" sizes=\"auto, (max-width: 734px) 100vw, 734px\" \/><\/figure>\n<\/div>\n\n\n\n<div class=\"wp-block-column is-layout-flow wp-block-column-is-layout-flow\">\n<p><\/p>\n\n\n\n<p>Altes und Altneues, <br>Alt trifft Neu<\/p>\n<\/div>\n<\/div>\n<\/div>\n<\/div>\n<\/div><\/div>\n\n\n\n<div class=\"wp-block-columns is-layout-flex wp-container-core-columns-is-layout-9d6595d7 wp-block-columns-is-layout-flex\">\n<div class=\"wp-block-column is-layout-flow wp-block-column-is-layout-flow\">\n<p><a href=\"https:\/\/stillessprechen.ch\/?page_id=117\" data-type=\"page\" data-id=\"117\"><strong>Natur, Landschaft<\/strong> &amp; <strong>Tiere<\/strong><\/a><\/p>\n\n\n\n<div class=\"wp-block-columns is-layout-flex wp-container-core-columns-is-layout-9d6595d7 wp-block-columns-is-layout-flex\">\n<div class=\"wp-block-column is-layout-flow wp-block-column-is-layout-flow\">\n<figure class=\"wp-block-image size-full\"><img loading=\"lazy\" decoding=\"async\" width=\"2560\" height=\"1920\" src=\"https:\/\/stillessprechen.ch\/wp\/wp-content\/uploads\/2024\/06\/20220408_193249-scaled.jpg\" alt=\"\" class=\"wp-image-96\" srcset=\"https:\/\/stillessprechen.ch\/wp\/wp-content\/uploads\/2024\/06\/20220408_193249-scaled.jpg 2560w, https:\/\/stillessprechen.ch\/wp\/wp-content\/uploads\/2024\/06\/20220408_193249-300x225.jpg 300w\" sizes=\"auto, (max-width: 2560px) 100vw, 2560px\" \/><\/figure>\n<\/div>\n\n\n\n<div class=\"wp-block-column is-layout-flow wp-block-column-is-layout-flow\">\n<p>Was die Natur uns zu bieten hat und was Tiere uns zu sagen haben<\/p>\n<\/div>\n<\/div>\n<\/div>\n\n\n\n<div class=\"wp-block-column is-layout-flow wp-block-column-is-layout-flow\">\n<p><strong><strong><a href=\"https:\/\/stillessprechen.ch\/?page_id=108\" data-type=\"page\" data-id=\"108\">Makro und Mikro<\/a><\/strong><\/strong><\/p>\n\n\n\n<div class=\"wp-block-columns is-layout-flex wp-container-core-columns-is-layout-9d6595d7 wp-block-columns-is-layout-flex\">\n<div class=\"wp-block-column is-layout-flow wp-block-column-is-layout-flow\">\n<figure class=\"wp-block-image size-full is-resized\"><img loading=\"lazy\" decoding=\"async\" width=\"737\" height=\"1000\" src=\"https:\/\/stillessprechen.ch\/wp\/wp-content\/uploads\/2024\/02\/G78_0585a.jpg\" alt=\"\" class=\"wp-image-32\" style=\"width:auto;height:250px\" srcset=\"https:\/\/stillessprechen.ch\/wp\/wp-content\/uploads\/2024\/02\/G78_0585a.jpg 737w, https:\/\/stillessprechen.ch\/wp\/wp-content\/uploads\/2024\/02\/G78_0585a-221x300.jpg 221w\" sizes=\"auto, (max-width: 737px) 100vw, 737px\" \/><\/figure>\n<\/div>\n\n\n\n<div class=\"wp-block-column is-layout-flow wp-block-column-is-layout-flow\">\n<p>Kleines ganz gross \u2013<br>Digital, aber mit kreativer Technik.<\/p>\n<\/div>\n<\/div>\n<\/div>\n<\/div>\n\n\n\n<p><\/p>\n\n\n\n<p><\/p>\n","protected":false},"excerpt":{"rendered":"<p>Ein Bild \u2013 ein Gedanke \u2013 eine Geschichte Wenn das Gehirn etwas \u00absieht\u00bb, entwickeln sich ein oder viele Gedanken, Interpretationen, Spekulationen oder Geschichten. Die Seh-Daten werden vom Gehirn erfasst, verkn\u00fcpft mit Erfahrungen und Gef\u00fchlen, bewertet nach Situationen, sowie Worte formuliert, um dar\u00fcber nachzudenken oder zu sprechen. Diesen faszinierenden kreativen Vorgang, m\u00f6chte ich mit andern teilen, [&hellip;]<\/p>\n","protected":false},"author":1,"featured_media":162,"parent":0,"menu_order":0,"comment_status":"closed","ping_status":"closed","template":"","meta":{"pgc_sgb_lightbox_settings":"","footnotes":""},"class_list":["post-135","page","type-page","status-publish","has-post-thumbnail","hentry","post"],"_links":{"self":[{"href":"https:\/\/stillessprechen.ch\/index.php?rest_route=\/wp\/v2\/pages\/135","targetHints":{"allow":["GET"]}}],"collection":[{"href":"https:\/\/stillessprechen.ch\/index.php?rest_route=\/wp\/v2\/pages"}],"about":[{"href":"https:\/\/stillessprechen.ch\/index.php?rest_route=\/wp\/v2\/types\/page"}],"author":[{"embeddable":true,"href":"https:\/\/stillessprechen.ch\/index.php?rest_route=\/wp\/v2\/users\/1"}],"replies":[{"embeddable":true,"href":"https:\/\/stillessprechen.ch\/index.php?rest_route=%2Fwp%2Fv2%2Fcomments&post=135"}],"version-history":[{"count":34,"href":"https:\/\/stillessprechen.ch\/index.php?rest_route=\/wp\/v2\/pages\/135\/revisions"}],"predecessor-version":[{"id":396,"href":"https:\/\/stillessprechen.ch\/index.php?rest_route=\/wp\/v2\/pages\/135\/revisions\/396"}],"wp:featuredmedia":[{"embeddable":true,"href":"https:\/\/stillessprechen.ch\/index.php?rest_route=\/wp\/v2\/media\/162"}],"wp:attachment":[{"href":"https:\/\/stillessprechen.ch\/index.php?rest_route=%2Fwp%2Fv2%2Fmedia&parent=135"}],"curies":[{"name":"wp","href":"https:\/\/api.w.org\/{rel}","templated":true}]}}